 multiple of 152?
True
Is 48 a factor of 3312?
True
Does 242 divide 10381?
False
Is 18 a factor of 720?
True
Is 13 a factor of 93860?
True
Is 487 a multiple of 138?
False
Is 35 a factor of 8281?
False
Does 71 divide 923?
True
Is 37818 a multiple of 11?
True
Does 3 divide 394?
False
Is 49 a factor of 21952?
True
Does 99 divide 43371?
False
Is 927 a multiple of 34?
False
Is 150 a multiple of 6?
True
Is 644 a multiple of 14?
True
Is 2736 a multiple of 24?
True
Is 5232 a multiple of 10?
False
Is 41400 a multiple of 200?
True
Is 283 a factor of 90560?
True
Does 10 divide 1950?
True
Does 103 divide 15990?
False
Does 6 divide 18?
True
Is 771 even?
False
Is 2912 a multiple of 104?
True
Is 345 a multiple of 9?
False
Does 4 divide 168?
True
Does 9 divide 13803?
False
Is 5 a factor of 1524?
False
Is 3 a factor of 42?
True
Does 62 divide 1364?
True
Is 421 a multiple of 25?
False
Is 110 a factor of 54990?
False
Is 32 a multiple of 6?
False
Does 6 divide 1248?
True
Does 25 divide 200?
True
Is 43 a factor of 34561?
False
Is 44032 a multiple of 172?
True
Is 24115 a multiple of 253?
False
Does 37 divide 26455?
True
Is 6785 a multiple of 20?
False
Is 37 a factor of 851?
True
Does 2 divide 33?
False
Is 4878 a multiple of 13?
False
Is 204 a factor of 16728?
True
Does 6 divide 97?
False
Is 39 a factor of 290?
False
Is 4667 a multiple of 51?
False
Is 14 a factor of 546?
True
Is 2407 a multiple of 16?
False
Is 12291 a multiple of 17?
True
Is 140 a multiple of 20?
True
Does 12 divide 3241?
False
Does 12 divide 1368?
True
Is 15120 a multiple of 20?
True
Is 3066 a multiple of 219?
True
Is 177 a multiple of 4?
False
Is 3 a factor of 135?
True
Is 35433 a multiple of 31?
True
Is 1152 a multiple of 18?
True
Does 30 divide 122550?
True
Does 125 divide 130?
False
Is 594 a multiple of 11?
True
Is 801 a multiple of 9?
True
Is 132 a factor of 3304?
False
Does 10 divide 1695?
False
Does 11 divide 25146?
True
Does 14 divide 6742?
False
Does 10 divide 371?
False
Is 60500 a multiple of 22?
True
Is 30 a multiple of 10?
True
Is 210 a multiple of 5?
True
Is 11 a factor of 11?
True
Does 6 divide 750?
True
Is 3861 a multiple of 143?
True
Is 87 a factor of 522?
True
Does 11 divide 22576?
False
Does 24 divide 768?
True
Does 159 divide 36252?
True
Is 1064 a multiple of 7?
True
Does 3 divide 4022?
False
Is 4 a factor of 1700?
True
Is 3265 a multiple of 10?
False
Does 25 divide 123?
False
Is 12 a factor of 677?
False
Does 21 divide 9099?
False
Is 210 a factor of 25830?
True
Does 62 divide 24223?
False
Does 13 divide 7116?
False
Is 58 a factor of 9373?
False
Does 64 divide 3072?
True
Is 98 a factor of 5175?
False
Does 9 divide 10911?
False
Is 5 a factor of 4795?
True
Is 4 a factor of 1401?
False
Does 6 divide 401?
False
Is 105 a multiple of 5?
True
Is 12996 a multiple of 12?
True
Is 4 a factor of 548?
True
Is 176 a multiple of 32?
False
Does 30 divide 2610?
True
Is 69 a factor of 20591?
False
Is 35647 a multiple of 43?
True
Does 13 divide 2448?
False
Is 3905 a multiple of 52?
False
Is 6072 a multiple of 4?
True
Is 82 a factor of 11609?
False
Is 28 a factor of 28266?
False
Does 13 divide 9399?
True
Is 816 a multiple of 6?
True
Does 58 divide 3748?
False
Is 8455 a multiple of 47?
False
Is 286 a multiple of 3?
False
Does 9 divide 67464?
True
Does 17 divide 55668?
False
Is 4 a factor of 994?
False
Does 15 divide 195?
True
Does 14 divide 1293?
False
Does 45 divide 99?
False
Is 21565 a multiple of 95?
True
Is 80 a factor of 4400?
True
Does 108 divide 1225?
False
Does 28 divide 140?
True
Does 95 divide 94145?
True
Does 87 divide 1556?
False
Is 9 a factor of 15903?
True
Is 564 even?
True
Does 18 divide 69644?
False
Does 12 divide 4056?
True
Does 13 divide 3609?
False
Is 1331 a multiple of 15?
False
Is 62 a multiple of 3?
False
Does 43 divide 1080?
False
Is 2589 a multiple of 9?
False
Is 5 a factor of 335?
True
Is 28 a factor of 118?
False
Is 285 a multiple of 2?
False
Is 25994 a multiple of 15?
False
Is 2240 a multiple of 80?
True
Is 47 a factor of 33370?
True
Is 53 a multiple of 3?
False
Is 5942 even?
True
Is 820 a multiple of 10?
True
Is 12 a factor of 120?
True
Is 1496 a multiple of 34?
True
Is 1521 a multiple of 4?
False
Is 2767 a multiple of 3?
False
Is 2370 a multiple of 18?
False
Is 32 a factor of 1056?
True
Is 12059 a multiple of 31?
True
Is 1803 a multiple of 23?
False
Is 106 a factor of 16006?
True
Does 13 divide 382?
False
Does 3 divide 236?
False
Is 83 a factor of 664?
True
Is 9 a factor of 1696?
False
Does 117 divide 20007?
True
Does 87 divide 3027?
False
Is 3 a factor of 253?
False
Does 66 divide 55802?
False
Does 14 divide 94077?
False
Is 86 a factor of 1634?
True
Is 10 even?
True
Is 59 a factor of 628?
False
Does 57 divide 2850?
True
Does 3 divide 642?
True
Does 26 divide 650?
True
Is 6474 a multiple of 26?
True
Is 4796 a multiple of 11?
True
Does 10 divide 484?
False
Is 59 a factor of 9714?
False
Does 18 divide 14742?
True
Is 2044 a multiple of 13?
False
Is 17810 a multiple of 274?
True
Is 9 a factor of 146?
False
Is 26 a factor of 914?
False
Is 67 a factor of 1206?
True
Does 18 divide 17712?
True
Is 490 a multiple of 10?
True
Is 93 a factor of 42765?
False
Is 6482 a multiple of 106?
False
Is 1006 a multiple of 20?
False
Does 70 divide 68180?
True
Is 10528 a multiple of 188?
True
Is 13 a factor of 12861?
False
Does 21 divide 756?
True
Is 34 a factor of 4795?
False
Is 15284 a multiple of 31?
False
Does 4 divide 2050?
False
Is 54 a factor of 8599?
False
Is 1917 a multiple of 39?
False
Is 1410 a multiple of 10?
True
Is 23 a factor of 2806?
True
Is 14 a factor of 2744?
True
Is 66 a multiple of 31?
False
Is 24 a factor of 1008?
True
Is 22 a factor of 3234?
True
Is 205 a multiple of 2?
False
Is 22 a factor of 5270?
False
Is 8188 a multiple of 89?
True
Is 30 a factor of 870?
True
Does 7 divide 481?
False
Does 4 divide 13?
False
Is 9 a factor of 70749?
True
Does 6 divide 3133?
False
Does 6 divide 103?
False
Is 208 a multiple of 3?
False
Is 2508 a multiple of 19?
True
Does 29 divide 5394?
True
Is 178 a factor of 1144?
False
Does 48 divide 77731?
False
Does 40 divide 1404?
False
Is 4998 a multiple of 42?
True
Does 9 divide 364?
False
Is 170 a multiple of 7?
False
Is 25577 a multiple of 11?
False
Does 322 divide 966?
True
Does 9 divide 794?
False
Is 384 a factor of 65984?
False
Is 249 a multiple of 12?
False
Does 13 divide 29211?
True
Is 276 a multiple of 12?
True
Is 297 a multiple of 16?
False
Is 35 a factor of 3045?
True
Is 29376 a multiple of 288?
True
Is 232 a multiple of 13?
False
Is 244 a multiple of 17?
False
Does 199 divide 27263?
True
Does 23 divide 168?
False
Is 13944 a multiple of 24?
True
Does 8 divide 110?
False
Is 1217 a multiple of 57?
False
Is 871 a multiple of 2?
False
Does 158 divide 2686?
True
Does 29 divide 3786?
False
Is 8 a factor of 184?
True
Does 8 divide 34885?
False
Is 21 a factor of 7644?
True
Is 2508 a multiple of 11?
True
Does 75 divide 300?
True
Does 8 divide 8977?
False
Is 4 a factor of 270?
False
Does 7 divide 1359?
False
Is 3756 a multiple of 12?
True
Is 63126 a multiple of 90?
False
Is 7987 a multiple of 163?
True
Is 627 a multiple of 57?
True
Does 9 divide 2794?
False
Is 126 a multiple of 3?
True
Is 31065 a multiple of 15?
True
Is 429 a multiple of 11?
True
Is 16 a factor of 92752?
True
Is 533 a multiple of 31?
False
Does 33 divide 6633?
True
Is 14 a factor of 2394?
True
Does 23 divide 6425?
False
Is 43 a factor of 1892?
True
Is 18361 a multiple of 61?
True
Is 8537 a multiple of 11?
False
Is 3 a factor of 1095?
True
Is 1278 a multiple of 12?
False
Is 402 a multiple of 67?
True
Does 5 divide 55?
True
Is 35663 a multiple of 124?
False
Does 10 divide 20?
True
Is 1772 a multiple of 3?
False
Is 3044 a multiple of 18?
False
Is 336 a factor of 4368?
True
Does 4 divide 1108?
True
Is 24687 a multiple of 117?
True
Does 59 divide 590?
True
Is 107 a factor of 12519?
True
Is 55 a factor of 19305?
True
Does 10 divide 50?
True
Is 144 a factor of 2304?
True
Is 17 a factor of 3478?
False
Is 8 a factor of 288?
True
Is 16791 a multiple of 27?
False
Is 71 a factor of 1095?
False
Is 93 a factor of 7719?
True
Is 600 a multiple of 17?
False
Is 27 a factor of 405?
True
Does 49 divide 8967?
True
Does 3 divide 22?
False
Is 64 a factor of 140?
False
Is 53 a factor of 1855?
True
Doe